{"id":14,"date":"2024-05-08T18:08:36","date_gmt":"2024-05-08T18:08:36","guid":{"rendered":"http:\/\/agraml.local\/?page_id=14"},"modified":"2025-07-18T13:08:29","modified_gmt":"2025-07-18T11:08:29","slug":"logements","status":"publish","type":"page","link":"https:\/\/agraml.fr\/index.php\/logements\/","title":{"rendered":"Logements"},"content":{"rendered":"\n<h4 class=\"wp-block-heading has-text-align-center\"><strong><br><\/strong><\/h4>\n\n\n\n<div class=\"wp-block-cover alignfull is-light\"><img loading=\"lazy\" decoding=\"async\" width=\"1517\" height=\"2560\" class=\"wp-block-cover__image-background wp-image-174\" alt=\"\" src=\"https:\/\/testagraml.fr\/wp-content\/uploads\/2024\/08\/d738c8_51985658a3d14e7d9544675f97f41d43mv2-1-scaled.webp\" style=\"object-position:57% 44%\" data-object-fit=\"cover\" data-object-position=\"57% 44%\" srcset=\"https:\/\/agraml.fr\/wp-content\/uploads\/2024\/08\/d738c8_51985658a3d14e7d9544675f97f41d43mv2-1-scaled.webp 1517w, https:\/\/agraml.fr\/wp-content\/uploads\/2024\/08\/d738c8_51985658a3d14e7d9544675f97f41d43mv2-1-178x300.webp 178w, https:\/\/agraml.fr\/wp-content\/uploads\/2024\/08\/d738c8_51985658a3d14e7d9544675f97f41d43mv2-1-607x1024.webp 607w, https:\/\/agraml.fr\/wp-content\/uploads\/2024\/08\/d738c8_51985658a3d14e7d9544675f97f41d43mv2-1-768x1296.webp 768w, https:\/\/agraml.fr\/wp-content\/uploads\/2024\/08\/d738c8_51985658a3d14e7d9544675f97f41d43mv2-1-910x1536.webp 910w, https:\/\/agraml.fr\/wp-content\/uploads\/2024\/08\/d738c8_51985658a3d14e7d9544675f97f41d43mv2-1-1213x2048.webp 1213w\" sizes=\"auto, (max-width: 1517px) 100vw, 1517px\" \/><span aria-hidden=\"true\" class=\"wp-block-cover__background has-accent-background-color has-background-dim-70 has-background-dim\"><\/span><div class=\"wp-block-cover__inner-container has-global-padding is-layout-constrained wp-block-cover-is-layout-constrained\">\n<h1 class=\"wp-block-heading has-text-align-center has-x-large-font-size\"><strong>3 types de logement<\/strong><\/h1>\n\n\n\n<ul class=\"wp-block-list\">\n<li><strong>Chambres individuelles (WC et douche communes)<\/strong><\/li>\n\n\n\n<li><strong>Studios (douche et WC individuels)<\/strong><\/li>\n\n\n\n<li><strong>Colocations (de 2 \u00e0 4 chambres)<\/strong><\/li>\n<\/ul>\n<\/div><\/div>\n\n\n\n<div style=\"height:18px\" aria-hidden=\"true\" class=\"wp-block-spacer\"><\/div>\n\n\n\n<div class=\"wp-block-columns alignwide has-medium-font-size is-layout-flex wp-container-core-columns-is-layout-28b55a6e wp-block-columns-is-layout-flex\" style=\"padding-top:var(--wp--preset--spacing--10);padding-bottom:var(--wp--preset--spacing--10)\">\n<div class=\"wp-block-column is-layout-flow wp-block-column-is-layout-flow\">\n<h2 class=\"wp-block-heading\"><strong>Chambres<\/strong><\/h2>\n\n\n\n<ul class=\"wp-block-list\">\n<li><strong>Superficie entre 10.51 m\u00b2 et 18.19 m\u00b2<\/strong><\/li>\n\n\n\n<li><strong>Prix entre 343\u20ac et 499\u20ac<\/strong><\/li>\n<\/ul>\n\n\n\n<div class=\"wp-block-group has-global-padding is-layout-constrained wp-block-group-is-layout-constrained\">\n<div class=\"wp-block-essential-blocks-slider  root-eb-slider-g2a6l\"><div class=\"eb-parent-wrapper eb-parent-eb-slider-g2a6l \"><div class=\"eb-slider-wrapper eb-slider-g2a6l\" data-blockid=\"eb-slider-g2a6l\" data-version=\"v4\" data-settings=\"eyJhcnJvd3MiOmZhbHNlLCJhZGFwdGl2ZUhlaWdodCI6dHJ1ZSwiYXV0b3BsYXkiOnRydWUsImF1dG9wbGF5U3BlZWQiOjMwMDAsImRvdHMiOnRydWUsImZhZGUiOmZhbHNlLCJpbmZpbml0ZSI6dHJ1ZSwicGF1c2VPbkhvdmVyIjp0cnVlLCJzbGlkZXNUb1Nob3ciOjEsInNwZWVkIjo1MDAsInZlcnRpY2FsIjpmYWxzZSwiY3VycmVudFNsaWRlIjowLCJydGwiOmZhbHNlLCJyZXNwb25zaXZlIjpbeyJicmVha3BvaW50IjoxMDI1LCJzZXR0aW5ncyI6eyJzbGlkZXNUb1Nob3ciOjF9fSx7ImJyZWFrcG9pbnQiOjc2Nywic2V0dGluZ3MiOnsic2xpZGVzVG9TaG93IjoxfX1dfQ==\" data-arrownexticon=\"fas fa-arrow-alt-circle-right\" data-arrowprevicon=\"fas fa-arrow-alt-circle-left\" data-lightbox=\"false\"><div class=\"eb-slider-init eb-slider-type-image\"><div class=\"eb-slider-item content-1\" data-src=\"https:\/\/agraml.fr\/wp-content\/uploads\/2024\/08\/chambre1.webp\"><div><img class=\"eb-slider-image\" data-lazy=\"https:\/\/agraml.fr\/wp-content\/uploads\/2024\/08\/chambre1.webp\"\/><\/div><\/div><div class=\"eb-slider-item content-1\" data-src=\"https:\/\/agraml.fr\/wp-content\/uploads\/2024\/08\/chambre2.webp\"><div><img class=\"eb-slider-image\" data-lazy=\"https:\/\/agraml.fr\/wp-content\/uploads\/2024\/08\/chambre2.webp\"\/><\/div><\/div><div class=\"eb-slider-item content-1\" data-src=\"https:\/\/agraml.fr\/wp-content\/uploads\/2024\/08\/d738c8_4fde52f9208949a9b87423a3084714ddmv2.webp\"><div><img class=\"eb-slider-image\" data-lazy=\"https:\/\/agraml.fr\/wp-content\/uploads\/2024\/08\/d738c8_4fde52f9208949a9b87423a3084714ddmv2.webp\"\/><\/div><\/div><\/div><\/div><\/div><\/div>\n<\/div>\n\n\n\n<ul class=\"wp-block-list\">\n<li><strong>Dispose d&rsquo;un WC et d&rsquo;une salle de bain partag\u00e9s entre maximum 4 r\u00e9sidents <\/strong><\/li>\n<\/ul>\n<\/div>\n\n\n\n<div class=\"wp-block-column is-layout-flow wp-block-column-is-layout-flow\">\n<h2 class=\"wp-block-heading\"><strong>Studios<\/strong><\/h2>\n\n\n\n<ul class=\"wp-block-list\">\n<li><strong>Superficie entre 12.06 m\u00b2 et 26,95 m\u00b2<\/strong><\/li>\n\n\n\n<li><strong>Prix entre 392\u20ac et 611\u20ac<\/strong><\/li>\n<\/ul>\n\n\n\n<div class=\"wp-block-essential-blocks-slider  root-eb-slider-i28tt\"><div class=\"eb-parent-wrapper eb-parent-eb-slider-i28tt \"><div class=\"eb-slider-wrapper eb-slider-i28tt\" data-blockid=\"eb-slider-i28tt\" data-version=\"v4\" data-settings=\"eyJhcnJvd3MiOmZhbHNlLCJhZGFwdGl2ZUhlaWdodCI6dHJ1ZSwiYXV0b3BsYXkiOnRydWUsImF1dG9wbGF5U3BlZWQiOjMwMDAsImRvdHMiOnRydWUsImZhZGUiOmZhbHNlLCJpbmZpbml0ZSI6dHJ1ZSwicGF1c2VPbkhvdmVyIjp0cnVlLCJzbGlkZXNUb1Nob3ciOjEsInNwZWVkIjo1MDAsInZlcnRpY2FsIjpmYWxzZSwiY3VycmVudFNsaWRlIjowLCJydGwiOmZhbHNlLCJyZXNwb25zaXZlIjpbeyJicmVha3BvaW50IjoxMDI1LCJzZXR0aW5ncyI6eyJzbGlkZXNUb1Nob3ciOjF9fSx7ImJyZWFrcG9pbnQiOjc2Nywic2V0dGluZ3MiOnsic2xpZGVzVG9TaG93IjoxfX1dfQ==\" data-arrownexticon=\"fas fa-arrow-alt-circle-right\" data-arrowprevicon=\"fas fa-arrow-alt-circle-left\" data-lightbox=\"false\"><div class=\"eb-slider-init eb-slider-type-image\"><div class=\"eb-slider-item content-1\" data-src=\"https:\/\/agraml.fr\/wp-content\/uploads\/2025\/06\/IMG20240830085739-scaled.jpg\"><div><img class=\"eb-slider-image\" data-lazy=\"https:\/\/agraml.fr\/wp-content\/uploads\/2025\/06\/IMG20240830085739-scaled.jpg\"\/><\/div><\/div><div class=\"eb-slider-item content-1\" data-src=\"https:\/\/agraml.fr\/wp-content\/uploads\/2025\/06\/IMG20250608182207-scaled.jpg\"><div><img class=\"eb-slider-image\" data-lazy=\"https:\/\/agraml.fr\/wp-content\/uploads\/2025\/06\/IMG20250608182207-scaled.jpg\"\/><\/div><\/div><div class=\"eb-slider-item content-1\" data-src=\"https:\/\/agraml.fr\/wp-content\/uploads\/2025\/06\/IMG20250608182215-scaled.jpg\"><div><img class=\"eb-slider-image\" data-lazy=\"https:\/\/agraml.fr\/wp-content\/uploads\/2025\/06\/IMG20250608182215-scaled.jpg\"\/><\/div><\/div><div class=\"eb-slider-item content-1\" data-src=\"https:\/\/agraml.fr\/wp-content\/uploads\/2025\/06\/IMG20250608182238-1-scaled.jpg\"><div><img class=\"eb-slider-image\" data-lazy=\"https:\/\/agraml.fr\/wp-content\/uploads\/2025\/06\/IMG20250608182238-1-scaled.jpg\"\/><\/div><\/div><div class=\"eb-slider-item content-1\" data-src=\"https:\/\/agraml.fr\/wp-content\/uploads\/2025\/06\/IMG20250608182144-scaled.jpg\"><div><img class=\"eb-slider-image\" data-lazy=\"https:\/\/agraml.fr\/wp-content\/uploads\/2025\/06\/IMG20250608182144-scaled.jpg\"\/><\/div><\/div><div class=\"eb-slider-item content-1\" data-src=\"https:\/\/agraml.fr\/wp-content\/uploads\/2025\/06\/IMG20250608182155-scaled.jpg\"><div><img class=\"eb-slider-image\" data-lazy=\"https:\/\/agraml.fr\/wp-content\/uploads\/2025\/06\/IMG20250608182155-scaled.jpg\"\/><\/div><\/div><div class=\"eb-slider-item content-1\" data-src=\"https:\/\/agraml.fr\/wp-content\/uploads\/2025\/06\/IMG20250608182328-1-scaled.jpg\"><div><img class=\"eb-slider-image\" data-lazy=\"https:\/\/agraml.fr\/wp-content\/uploads\/2025\/06\/IMG20250608182328-1-scaled.jpg\"\/><\/div><\/div><div class=\"eb-slider-item content-1\" data-src=\"https:\/\/agraml.fr\/wp-content\/uploads\/2025\/06\/IMG20250608182310-1-scaled.jpg\"><div><img class=\"eb-slider-image\" data-lazy=\"https:\/\/agraml.fr\/wp-content\/uploads\/2025\/06\/IMG20250608182310-1-scaled.jpg\"\/><\/div><\/div><\/div><\/div><\/div><\/div>\n\n\n\n<p><\/p>\n<\/div>\n\n\n\n<div class=\"wp-block-column is-layout-flow wp-block-column-is-layout-flow\">\n<h2 class=\"wp-block-heading\"><strong>Colocations<\/strong><\/h2>\n\n\n\n<ul class=\"wp-block-list\">\n<li><strong>Surface totale  entre 36,40 m\u00b2 et 94,61 m\u00b2<\/strong><\/li>\n\n\n\n<li><strong>Prix entre 375\u20ac et 573\u20ac<\/strong><\/li>\n<\/ul>\n\n\n\n<div class=\"wp-block-essential-blocks-slider  root-eb-slider-s4dom\"><div class=\"eb-parent-wrapper eb-parent-eb-slider-s4dom \"><div class=\"eb-slider-wrapper eb-slider-s4dom\" data-blockid=\"eb-slider-s4dom\" data-version=\"v4\" data-settings=\"eyJhcnJvd3MiOmZhbHNlLCJhZGFwdGl2ZUhlaWdodCI6dHJ1ZSwiYXV0b3BsYXkiOnRydWUsImF1dG9wbGF5U3BlZWQiOjMwMDAsImRvdHMiOnRydWUsImZhZGUiOmZhbHNlLCJpbmZpbml0ZSI6dHJ1ZSwicGF1c2VPbkhvdmVyIjp0cnVlLCJzbGlkZXNUb1Nob3ciOjEsInNwZWVkIjo1MDAsInZlcnRpY2FsIjpmYWxzZSwiY3VycmVudFNsaWRlIjowLCJydGwiOmZhbHNlLCJyZXNwb25zaXZlIjpbeyJicmVha3BvaW50IjoxMDI1LCJzZXR0aW5ncyI6eyJzbGlkZXNUb1Nob3ciOjF9fSx7ImJyZWFrcG9pbnQiOjc2Nywic2V0dGluZ3MiOnsic2xpZGVzVG9TaG93IjoxfX1dfQ==\" data-arrownexticon=\"fas fa-arrow-alt-circle-right\" data-arrowprevicon=\"fas fa-arrow-alt-circle-left\" data-lightbox=\"false\"><div class=\"eb-slider-init eb-slider-type-image\"><div class=\"eb-slider-item content-1\" data-src=\"https:\/\/testagraml.fr\/wp-content\/uploads\/2024\/08\/coloc1-1.webp\"><div><img class=\"eb-slider-image\" data-lazy=\"https:\/\/testagraml.fr\/wp-content\/uploads\/2024\/08\/coloc1-1.webp\"\/><\/div><\/div><div class=\"eb-slider-item content-1\" data-src=\"https:\/\/testagraml.fr\/wp-content\/uploads\/2024\/08\/coloc2.webp\"><div><img class=\"eb-slider-image\" data-lazy=\"https:\/\/testagraml.fr\/wp-content\/uploads\/2024\/08\/coloc2.webp\"\/><\/div><\/div><\/div><\/div><\/div><\/div>\n\n\n\n<p><\/p>\n<\/div>\n<\/div>\n\n\n\n<div class=\"wp-block-columns alignwide is-layout-flex wp-container-core-columns-is-layout-28f84493 wp-block-columns-is-layout-flex\">\n<div class=\"wp-block-column is-vertically-aligned-center is-layout-flow wp-block-column-is-layout-flow\">\n<p><\/p>\n\n\n\n<h2 class=\"wp-block-heading alignwide has-text-align-center\"><strong>Les \u00e9quipements<\/strong><\/h2>\n\n\n\n<ul class=\"wp-block-list is-style-default\">\n<li><strong>La pi\u00e8ce commune est compos\u00e9e d&rsquo;une kitchenette \u00e9quip\u00e9e de plaques \u00e9lectriques, d&rsquo;un meuble de rangement, d&rsquo;un plan de travail et  d&rsquo;un frigo dont la taille varie entre les chambres\/studios et colocations<\/strong><\/li>\n\n\n\n<li><strong>La salle d&rsquo;eau est compos\u00e9e d&rsquo;un lavabo, d&rsquo;une douche et d&rsquo;un WC et. Le rideau de douche est fourni.<\/strong><\/li>\n\n\n\n<li><strong>Chaque chambre est \u00e9quip\u00e9e d&rsquo;un lit 90 x 190, d&rsquo;un bureau, d&rsquo;une chaise de bureau, d&rsquo;une chaise, d&rsquo;une grande armoire de rangement.<\/strong><\/li>\n<\/ul>\n<\/div>\n\n\n\n<div class=\"wp-block-column is-layout-flow wp-block-column-is-layout-flow\">\n<div class=\"wp-block-essential-blocks-slider  root-eb-slider-i9il1\"><div class=\"eb-parent-wrapper eb-parent-eb-slider-i9il1 \"><div class=\"eb-slider-wrapper eb-slider-i9il1\" data-blockid=\"eb-slider-i9il1\" data-version=\"v4\" data-settings=\"eyJhcnJvd3MiOnRydWUsImFkYXB0aXZlSGVpZ2h0Ijp0cnVlLCJhdXRvcGxheSI6dHJ1ZSwiYXV0b3BsYXlTcGVlZCI6MzAwMCwiZG90cyI6dHJ1ZSwiZmFkZSI6ZmFsc2UsImluZmluaXRlIjp0cnVlLCJwYXVzZU9uSG92ZXIiOnRydWUsInNsaWRlc1RvU2hvdyI6MSwic3BlZWQiOjUwMCwidmVydGljYWwiOmZhbHNlLCJjdXJyZW50U2xpZGUiOjAsInJ0bCI6ZmFsc2UsInJlc3BvbnNpdmUiOlt7ImJyZWFrcG9pbnQiOjEwMjUsInNldHRpbmdzIjp7InNsaWRlc1RvU2hvdyI6MX19LHsiYnJlYWtwb2ludCI6NzY3LCJzZXR0aW5ncyI6eyJzbGlkZXNUb1Nob3ciOjF9fV19\" data-arrownexticon=\"fas fa-arrow-alt-circle-right\" data-arrowprevicon=\"fas fa-arrow-alt-circle-left\" data-lightbox=\"false\"><div class=\"eb-slider-init eb-slider-type-content\"><div class=\"eb-slider-item content-2\" data-src=\"https:\/\/agraml.fr\/wp-content\/uploads\/2024\/08\/range.webp\"><div><img class=\"eb-slider-image\" data-lazy=\"https:\/\/agraml.fr\/wp-content\/uploads\/2024\/08\/range.webp\"\/><\/div><div class=\"eb-slider-content align-left\"><h2 class=\"eb-slider-title\">Grand rangement<\/h2><div class=\"eb-slider-button-wrapper\"><\/div><\/div><\/div><div class=\"eb-slider-item content-2\" data-src=\"https:\/\/agraml.fr\/wp-content\/uploads\/2025\/06\/IMG20250608182238-scaled.jpg\"><div><img class=\"eb-slider-image\" data-lazy=\"https:\/\/agraml.fr\/wp-content\/uploads\/2025\/06\/IMG20250608182238-scaled.jpg\"\/><\/div><div class=\"eb-slider-content align-left\"><h2 class=\"eb-slider-title\">Kitchenette ( Chambres\/ Studios)<\/h2><div class=\"eb-slider-button-wrapper\"><\/div><\/div><\/div><div class=\"eb-slider-item content-2\" data-src=\"https:\/\/agraml.fr\/wp-content\/uploads\/2024\/08\/douche.webp\"><div><img class=\"eb-slider-image\" data-lazy=\"https:\/\/agraml.fr\/wp-content\/uploads\/2024\/08\/douche.webp\"\/><\/div><div class=\"eb-slider-content align-left\"><h2 class=\"eb-slider-title\">Douche (Chambres)<\/h2><div class=\"eb-slider-button-wrapper\"><\/div><\/div><\/div><div class=\"eb-slider-item content-2\" data-src=\"https:\/\/agraml.fr\/wp-content\/uploads\/2024\/08\/wc.webp\"><div><img class=\"eb-slider-image\" data-lazy=\"https:\/\/agraml.fr\/wp-content\/uploads\/2024\/08\/wc.webp\"\/><\/div><div class=\"eb-slider-content align-left\"><h2 class=\"eb-slider-title\">WC (Chambres)<\/h2><div class=\"eb-slider-button-wrapper\"><\/div><\/div><\/div><div class=\"eb-slider-item content-2\" data-src=\"https:\/\/agraml.fr\/wp-content\/uploads\/2025\/06\/IMG20250608182328-scaled.jpg\"><div><img class=\"eb-slider-image\" data-lazy=\"https:\/\/agraml.fr\/wp-content\/uploads\/2025\/06\/IMG20250608182328-scaled.jpg\"\/><\/div><div class=\"eb-slider-content align-left\"><h2 class=\"eb-slider-title\">Salle de bain (Studios)<\/h2><div class=\"eb-slider-button-wrapper\"><\/div><\/div><\/div><div class=\"eb-slider-item content-2\" data-src=\"https:\/\/agraml.fr\/wp-content\/uploads\/2025\/06\/IMG20250608182310-scaled.jpg\"><div><img class=\"eb-slider-image\" data-lazy=\"https:\/\/agraml.fr\/wp-content\/uploads\/2025\/06\/IMG20250608182310-scaled.jpg\"\/><\/div><div class=\"eb-slider-content align-left\"><h2 class=\"eb-slider-title\">Salle de bain (Studios\/ colocations) <\/h2><div class=\"eb-slider-button-wrapper\"><\/div><\/div><\/div><\/div><\/div><\/div><\/div>\n<\/div>\n<\/div>\n\n\n\n<h2 class=\"wp-block-heading alignwide has-text-align-center\"><strong>Zoom sur nos chambres<\/strong><\/h2>\n\n\n\n<figure class=\"wp-block-gallery has-nested-images columns-default is-cropped wp-block-gallery-10 is-layout-flex wp-block-gallery-is-layout-flex\">\n<figure class=\"wp-block-image aligncenter size-large is-style-rounded is-style-rounded--1\"><img loading=\"lazy\" decoding=\"async\" width=\"768\" height=\"1024\" data-id=\"251\" src=\"https:\/\/agraml.fr\/wp-content\/uploads\/2025\/06\/lardon_1-768x1024.jpg\" alt=\"\" class=\"wp-image-251\" srcset=\"https:\/\/agraml.fr\/wp-content\/uploads\/2025\/06\/lardon_1-768x1024.jpg 768w, https:\/\/agraml.fr\/wp-content\/uploads\/2025\/06\/lardon_1-225x300.jpg 225w, https:\/\/agraml.fr\/wp-content\/uploads\/2025\/06\/lardon_1-1152x1536.jpg 1152w, https:\/\/agraml.fr\/wp-content\/uploads\/2025\/06\/lardon_1-1536x2048.jpg 1536w, https:\/\/agraml.fr\/wp-content\/uploads\/2025\/06\/lardon_1-scaled.jpg 1920w\" sizes=\"auto, (max-width: 768px) 100vw, 768px\" \/><\/figure>\n\n\n\n<figure class=\"wp-block-image size-large is-style-rounded is-style-rounded--2\"><img loading=\"lazy\" decoding=\"async\" width=\"1024\" height=\"768\" data-id=\"253\" src=\"https:\/\/agraml.fr\/wp-content\/uploads\/2025\/06\/lardon_3-1024x768.jpg\" alt=\"\" class=\"wp-image-253\" srcset=\"https:\/\/agraml.fr\/wp-content\/uploads\/2025\/06\/lardon_3-1024x768.jpg 1024w, https:\/\/agraml.fr\/wp-content\/uploads\/2025\/06\/lardon_3-300x225.jpg 300w, https:\/\/agraml.fr\/wp-content\/uploads\/2025\/06\/lardon_3-768x576.jpg 768w, https:\/\/agraml.fr\/wp-content\/uploads\/2025\/06\/lardon_3-1536x1152.jpg 1536w, https:\/\/agraml.fr\/wp-content\/uploads\/2025\/06\/lardon_3-2048x1536.jpg 2048w\" sizes=\"auto, (max-width: 1024px) 100vw, 1024px\" \/><\/figure>\n\n\n\n<figure class=\"wp-block-image size-large is-style-rounded is-style-rounded--3\"><img loading=\"lazy\" decoding=\"async\" width=\"1024\" height=\"768\" data-id=\"252\" src=\"https:\/\/agraml.fr\/wp-content\/uploads\/2025\/06\/lardon_2-1024x768.jpg\" alt=\"\" class=\"wp-image-252\" srcset=\"https:\/\/agraml.fr\/wp-content\/uploads\/2025\/06\/lardon_2-1024x768.jpg 1024w, https:\/\/agraml.fr\/wp-content\/uploads\/2025\/06\/lardon_2-300x225.jpg 300w, https:\/\/agraml.fr\/wp-content\/uploads\/2025\/06\/lardon_2-768x576.jpg 768w, https:\/\/agraml.fr\/wp-content\/uploads\/2025\/06\/lardon_2-1536x1152.jpg 1536w, https:\/\/agraml.fr\/wp-content\/uploads\/2025\/06\/lardon_2-2048x1536.jpg 2048w\" sizes=\"auto, (max-width: 1024px) 100vw, 1024px\" \/><\/figure>\n\n\n\n<figure class=\"wp-block-image size-large is-style-rounded is-style-rounded--4\"><img loading=\"lazy\" decoding=\"async\" width=\"768\" height=\"1024\" data-id=\"255\" src=\"https:\/\/agraml.fr\/wp-content\/uploads\/2025\/06\/Quentin_2-768x1024.jpg\" alt=\"\" class=\"wp-image-255\" srcset=\"https:\/\/agraml.fr\/wp-content\/uploads\/2025\/06\/Quentin_2-768x1024.jpg 768w, https:\/\/agraml.fr\/wp-content\/uploads\/2025\/06\/Quentin_2-225x300.jpg 225w, https:\/\/agraml.fr\/wp-content\/uploads\/2025\/06\/Quentin_2-1152x1536.jpg 1152w, https:\/\/agraml.fr\/wp-content\/uploads\/2025\/06\/Quentin_2.jpg 1536w\" sizes=\"auto, (max-width: 768px) 100vw, 768px\" \/><\/figure>\n\n\n\n<figure class=\"wp-block-image size-large is-style-rounded is-style-rounded--5\"><img loading=\"lazy\" decoding=\"async\" width=\"768\" height=\"1024\" data-id=\"254\" src=\"https:\/\/agraml.fr\/wp-content\/uploads\/2025\/06\/Quentin_1-768x1024.jpg\" alt=\"\" class=\"wp-image-254\" srcset=\"https:\/\/agraml.fr\/wp-content\/uploads\/2025\/06\/Quentin_1-768x1024.jpg 768w, https:\/\/agraml.fr\/wp-content\/uploads\/2025\/06\/Quentin_1-225x300.jpg 225w, https:\/\/agraml.fr\/wp-content\/uploads\/2025\/06\/Quentin_1-1152x1536.jpg 1152w, https:\/\/agraml.fr\/wp-content\/uploads\/2025\/06\/Quentin_1.jpg 1536w\" sizes=\"auto, (max-width: 768px) 100vw, 768px\" \/><\/figure>\n\n\n\n<figure class=\"wp-block-image size-large is-style-rounded is-style-rounded--6\"><img loading=\"lazy\" decoding=\"async\" width=\"461\" height=\"1024\" data-id=\"258\" src=\"https:\/\/agraml.fr\/wp-content\/uploads\/2025\/06\/agathe_2-461x1024.jpg\" alt=\"\" class=\"wp-image-258\" srcset=\"https:\/\/agraml.fr\/wp-content\/uploads\/2025\/06\/agathe_2-461x1024.jpg 461w, https:\/\/agraml.fr\/wp-content\/uploads\/2025\/06\/agathe_2-135x300.jpg 135w, https:\/\/agraml.fr\/wp-content\/uploads\/2025\/06\/agathe_2-692x1536.jpg 692w, https:\/\/agraml.fr\/wp-content\/uploads\/2025\/06\/agathe_2.jpg 721w\" sizes=\"auto, (max-width: 461px) 100vw, 461px\" \/><\/figure>\n\n\n\n<figure class=\"wp-block-image size-large is-style-rounded is-style-rounded--7\"><img loading=\"lazy\" decoding=\"async\" width=\"461\" height=\"1024\" data-id=\"259\" src=\"https:\/\/agraml.fr\/wp-content\/uploads\/2025\/06\/agathe_3-461x1024.jpg\" alt=\"\" class=\"wp-image-259\" srcset=\"https:\/\/agraml.fr\/wp-content\/uploads\/2025\/06\/agathe_3-461x1024.jpg 461w, https:\/\/agraml.fr\/wp-content\/uploads\/2025\/06\/agathe_3-135x300.jpg 135w, https:\/\/agraml.fr\/wp-content\/uploads\/2025\/06\/agathe_3-692x1536.jpg 692w, https:\/\/agraml.fr\/wp-content\/uploads\/2025\/06\/agathe_3.jpg 721w\" sizes=\"auto, (max-width: 461px) 100vw, 461px\" \/><\/figure>\n\n\n\n<figure class=\"wp-block-image size-large is-style-rounded is-style-rounded--8\"><img loading=\"lazy\" decoding=\"async\" width=\"768\" height=\"1024\" data-id=\"263\" src=\"https:\/\/agraml.fr\/wp-content\/uploads\/2025\/06\/IMG20250606162635-768x1024.jpg\" alt=\"\" class=\"wp-image-263\" srcset=\"https:\/\/agraml.fr\/wp-content\/uploads\/2025\/06\/IMG20250606162635-768x1024.jpg 768w, https:\/\/agraml.fr\/wp-content\/uploads\/2025\/06\/IMG20250606162635-225x300.jpg 225w, https:\/\/agraml.fr\/wp-content\/uploads\/2025\/06\/IMG20250606162635-1152x1536.jpg 1152w, https:\/\/agraml.fr\/wp-content\/uploads\/2025\/06\/IMG20250606162635-1536x2048.jpg 1536w, https:\/\/agraml.fr\/wp-content\/uploads\/2025\/06\/IMG20250606162635-scaled.jpg 1920w\" sizes=\"auto, (max-width: 768px) 100vw, 768px\" \/><\/figure>\n\n\n\n<figure class=\"wp-block-image size-large is-style-rounded is-style-rounded--9\"><img loading=\"lazy\" decoding=\"async\" width=\"768\" height=\"1024\" data-id=\"262\" src=\"https:\/\/agraml.fr\/wp-content\/uploads\/2025\/06\/IMG20250606162609-768x1024.jpg\" alt=\"\" class=\"wp-image-262\" srcset=\"https:\/\/agraml.fr\/wp-content\/uploads\/2025\/06\/IMG20250606162609-768x1024.jpg 768w, https:\/\/agraml.fr\/wp-content\/uploads\/2025\/06\/IMG20250606162609-225x300.jpg 225w, https:\/\/agraml.fr\/wp-content\/uploads\/2025\/06\/IMG20250606162609-1152x1536.jpg 1152w, https:\/\/agraml.fr\/wp-content\/uploads\/2025\/06\/IMG20250606162609-1536x2048.jpg 1536w, https:\/\/agraml.fr\/wp-content\/uploads\/2025\/06\/IMG20250606162609-scaled.jpg 1920w\" sizes=\"auto, (max-width: 768px) 100vw, 768px\" \/><\/figure>\n<\/figure>\n\n\n\n<h2 class=\"wp-block-heading has-large-font-size\"><strong>Les espaces communs<\/strong><\/h2>\n\n\n\n<ul class=\"wp-block-list\">\n<li class=\"has-medium-font-size\"><strong>Le patio est un espace verdoyant et convivial, <strong>r\u00e9serv\u00e9 aux \u00e9tudiants de premi\u00e8re ann\u00e9e<\/strong>, o\u00f9 chacun peut se retrouver, \u00e9changer et partager de bons moments dans un cadre agr\u00e9able.<\/strong><\/li>\n\n\n\n<li class=\"has-medium-font-size\"><strong>Le potager est entretenu par les \u00e9l\u00e8ves, vous pourrez y apprendre de nouvelles comp\u00e9tences !<\/strong><\/li>\n\n\n\n<li class=\"has-medium-font-size\"><strong>Un local \u00e0 v\u00e9los s\u00e9curis\u00e9 est mis \u00e0 votre disposition pour stationner votre v\u00e9lo. Il comprend \u00e9galement deux emplacements r\u00e9serv\u00e9s aux v\u00e9hicules deux-roues motoris\u00e9s, accessibles sur demande par email \u00e0 <a>contact@agraml.fr<\/a>.<\/strong><\/li>\n\n\n\n<li class=\"has-medium-font-size\"><strong>D&rsquo;autres espaces communs comme une salle de sport ou une laverie sont actuellement en travaux mais ouvriront bient\u00f4t leurs portes. &nbsp;<\/strong><\/li>\n<\/ul>\n\n\n\n<div class=\"wp-block-essential-blocks-slider  root-eb-slider-nba7b\"><div class=\"eb-parent-wrapper eb-parent-eb-slider-nba7b \"><div class=\"eb-slider-wrapper eb-slider-nba7b\" data-blockid=\"eb-slider-nba7b\" data-version=\"v4\" data-settings=\"eyJhcnJvd3MiOnRydWUsImFkYXB0aXZlSGVpZ2h0Ijp0cnVlLCJhdXRvcGxheSI6dHJ1ZSwiYXV0b3BsYXlTcGVlZCI6MzAwMCwiZG90cyI6dHJ1ZSwiZmFkZSI6ZmFsc2UsImluZmluaXRlIjp0cnVlLCJwYXVzZU9uSG92ZXIiOnRydWUsInNsaWRlc1RvU2hvdyI6MSwic3BlZWQiOjUwMCwidmVydGljYWwiOmZhbHNlLCJjdXJyZW50U2xpZGUiOjAsInJ0bCI6ZmFsc2UsInJlc3BvbnNpdmUiOlt7ImJyZWFrcG9pbnQiOjEwMjUsInNldHRpbmdzIjp7InNsaWRlc1RvU2hvdyI6MX19LHsiYnJlYWtwb2ludCI6NzY3LCJzZXR0aW5ncyI6eyJzbGlkZXNUb1Nob3ciOjF9fV19\" data-arrownexticon=\"fas fa-arrow-alt-circle-right\" data-arrowprevicon=\"fas fa-arrow-alt-circle-left\" data-lightbox=\"false\"><div class=\"eb-slider-init eb-slider-type-content\"><div class=\"eb-slider-item content-1\" data-src=\"https:\/\/testagraml.fr\/wp-content\/uploads\/2024\/08\/d738c8_90419b807d184d4a9a16f9968ae1fe7fmv2.webp\"><div><img class=\"eb-slider-image\" data-lazy=\"https:\/\/testagraml.fr\/wp-content\/uploads\/2024\/08\/d738c8_90419b807d184d4a9a16f9968ae1fe7fmv2.webp\"\/><\/div><div class=\"eb-slider-content align-left\"><h3 class=\"eb-slider-title\">Le Potager<\/h3><div class=\"eb-slider-button-wrapper\"><\/div><\/div><\/div><div class=\"eb-slider-item content-1\" data-src=\"https:\/\/testagraml.fr\/wp-content\/uploads\/2024\/08\/d738c8_b8db2a0213df424f94c85d17379187c5mv2.webp\"><div><img class=\"eb-slider-image\" data-lazy=\"https:\/\/testagraml.fr\/wp-content\/uploads\/2024\/08\/d738c8_b8db2a0213df424f94c85d17379187c5mv2.webp\"\/><\/div><div class=\"eb-slider-content align-left\"><h3 class=\"eb-slider-title\">Garage \u00e0 v\u00e9los<\/h3><div class=\"eb-slider-button-wrapper\"><\/div><\/div><\/div><\/div><\/div><\/div><\/div>\n","protected":false},"excerpt":{"rendered":"<p>Chambres Studios Colocations Les \u00e9quipements Zoom sur nos chambres Les espaces communs<\/p>\n","protected":false},"author":2,"featured_media":0,"parent":0,"menu_order":0,"comment_status":"closed","ping_status":"closed","template":"","meta":{"_eb_attr":"","footnotes":""},"class_list":["post-14","page","type-page","status-publish","hentry"],"_links":{"self":[{"href":"https:\/\/agraml.fr\/index.php\/wp-json\/wp\/v2\/pages\/14","targetHints":{"allow":["GET"]}}],"collection":[{"href":"https:\/\/agraml.fr\/index.php\/wp-json\/wp\/v2\/pages"}],"about":[{"href":"https:\/\/agraml.fr\/index.php\/wp-json\/wp\/v2\/types\/page"}],"author":[{"embeddable":true,"href":"https:\/\/agraml.fr\/index.php\/wp-json\/wp\/v2\/users\/2"}],"replies":[{"embeddable":true,"href":"https:\/\/agraml.fr\/index.php\/wp-json\/wp\/v2\/comments?post=14"}],"version-history":[{"count":13,"href":"https:\/\/agraml.fr\/index.php\/wp-json\/wp\/v2\/pages\/14\/revisions"}],"predecessor-version":[{"id":280,"href":"https:\/\/agraml.fr\/index.php\/wp-json\/wp\/v2\/pages\/14\/revisions\/280"}],"wp:attachment":[{"href":"https:\/\/agraml.fr\/index.php\/wp-json\/wp\/v2\/media?parent=14"}],"curies":[{"name":"wp","href":"https:\/\/api.w.org\/{rel}","templated":true}]}}